+ 21. Let s(z) = 11*f(z) - 6*t(z). Calculate s(n).
-17
Let g(n) = 5*n + 14. Let b(s) = 3*s + 8. Let k(x) = 7*b(x) - 4*g(x). Suppose 3*t + 2 = -2*t + z, -2*t = 5*z + 17. What is k(t)?
-1
Let n(x) = -x**2 + 15*x + 19. Let a(s) = 21*s - 698. Let d be a(34). Give n(d).
3
Let m(t) = -t**2 + 4*t + 5. Let o = -1766 - -1774. Determine m(o).
-27
Let g(a) = -40 + 17*a**2 - 38 + 4*a - 15*a**2 + 75. Give g(-5).
27
Let q(o) = -o**3 - 14*o**2 + 2*o + 28. Suppose 648 = -42*a + 60. Calculate q(a).
0
Let y = -23 + 18. Let x be -1 + 1 + 15/y. Let g(i) = i**3 + 3*i**2 - 4*i + 1. What is g(x)?
13
Let v(a) = -26*a - 2. Let n(b) = -13*b - 1. Let g(s) = -13*n(s) + 6*v(s). Let z be -1 - 5/((-10)/4). What is g(z)?
14
Let v(d) = -50*d + 3 + 0*d**3 + 47*d - 5*d**3 + 22*d**2 - 8*d**2. Let b(z) = -4*z**3 + 13*z**2 - 4*z + 4. Let g(o) = 6*b(o) - 5*v(o). Determine g(-9).
9
Let o(s) = -24*s - 2*s**3 + 2*s**3 + 8*s**2 + 18*s - s**3 - 1. Determine o(7).
6
Let u(i) = -6*i - 6. Let k(v) = -1. Let q(w) = 6*k(w) - u(w). Suppose 3*h - 2*h + b + 4 = 0, 0 = h + 5*b + 24. Give q(h).
6
Let x(h) = 13 + h - 10 + 4 + 12. Let a be x(-6). Suppose 0 = 18*k - a*k + 5. Let g(p) = -2*p**3 - 2*p**2 - 2*p - 1. Calculate g(k).
1
Let r(m) = -8*m**3 - 4*m**2 + 8*m + 17. Let d(h) = 3*h**3 + h**2 - 3*h - 6. Let n(a) = 11*d(a) + 4*r(a). Calculate n(6).
32
Let p(j) be the third derivative of -j**6/120 - 7*j**5/60 + 11*j**4/24 - j**3/2 - 2*j**2 - 4. Calculate p(-8).
-27
Let y(q) be the first derivative of -7*q**2/2 + q - 15. Suppose -2*b + 4*d + d - 9 = 0, -2*d - 6 = 4*b. Calculate y(b).
15
Suppose -4*l + 0*l - 8 = 0. Let v(h) = 349*h + 13. Let a(q) = -161*q - 6. Let n(x) = -13*a(x) - 6*v(x). Calculate n(l).
2
Let x(q) be the third derivative of -q**6/120 - 2*q**5/15 - 3*q**4/8 - q**3 + 78*q**2. Calculate x(-6).
-24
Let n(g) be the first derivative of 0*g + 5/3*g**3 + 1/60*g**5 - 9 - 5/24*g**4 + 0*g**2. Let a(t) be the third derivative of n(t). What is a(5)?
5
Let v(n) = -n**3 - 8*n**2 + 8*n - 6. Suppose -81*j + 11*j - 630 = 0. Calculate v(j).
3
Suppose -16*a + 32 = -12*a. Let j(n) = 2*n - 4*n + a + n. Calculate j(5).
3
Let m(x) = x**3 + 8*x**2 + 7*x + 5. Let t be (13/(-26))/((-1)/14). Suppose 14 = t*l - 9*l. Give m(l).
5
Let c(i) = -i**3 - 3*i**2 + 2*i + 2. Let x = 730 + -733. Determine c(x).
-4
Let b(r) = r**3 - 3*r**2 - 4*r - 3. Let u(z) = -z**3 + 3*z**2 + 5*z + 5. Let y(l) = -3*b(l) - 2*u(l). Calculate y(3).
5
Let z(n) = -12*n - 9 - 7*n + 15*n. Let o(k) = -4*k - 8. Let i(y) = -6*o(y) + 5*z(y). What is i(-4)?
-13
Let u(v) = 3*v**2 + v + 1. Let c(i) = 7 + 2 + i - 5 + 0. Suppose -4*w + 8 = -4*n, 4*n + 5*w - 8 + 52 = 0. Let j be c(n). Calculate u(j).
11
Suppose -4*t + 8 = -4*l, -l + 3*l = 2. Let z(y) = t*y - y - 3*y - 2. Let o be 4/(-6) - (-20)/(-6). What is z(o)?
2
Suppose 70 - 50 = 10*p. Let s be p/6*(-4 + 2)*9. Let c(v) = -v**3 - 6*v**2 + 5*v + 1. Give c(s).
-29
Suppose 4*q = -k + 20, 4*q + 45 = -2*k + 61. Let l(g) = -g**3 + 7*g**2 + 5*g - 8. Give l(q).
58
Let l(h) = 2*h**2 + 14*h - 40. Let o be l(-9). Let x(a) = -6*a - 3. Calculate x(o).
21
Let l(g) be the second derivative of g**3 + 15*g**2 - 28*g - 3. Give l(-6).
-6
Let w = 262 + -263. Let o be 10/14 + 4/14. Let a(j) = j - o - 5*j**3 - j + 2*j**2. Give a(w).
6
Let q be (-60)/(-14) - (-2)/(-7). Let z(s) be the first derivative of 44*s**2 + 0*s - 21*s**2 - 2*s - 22*s**2 + 34. Give z(q).
6
Let v(r) = -r**3 - 11*r**2 - 10*r + 5. Let p be v(-10). Let g(j) = 4*j**2 + 2*j - 1. Let d(y) = -5*y**2 - 2*y + 1. Let a(q) = p*d(q) + 6*g(q). What is a(1)?
0
Let z(i) = i**3 - 8*i**2 - 8*i - 11. Let g(u) = -u**2 - 7*u + 3. Let y be g(-6). Let s be z(y). Let d(j) = -j**3 - 3*j**2 + 2*j + 2. Calculate d(s).
-6
Let t(y) = 9*y**2 - 144 - 153 - 145 + 3*y + 435 + 2*y**3. Give t(-4).
-3
Let o(p) = 5*p + 99. Let y be o(-20). Let z(k) = 6*k**2 - 1. What is z(y)?
5
Let l(z) = 2*z + 1. Let i be -3 + 22 + 2/2. Suppose -4*m - m = -i. Suppose -5*q + q - 17 = 3*o, 19 = -3*q + m*o. Calculate l(q).
-9
Let d = 7 - 4. Let p(o) = 4*o**2 - 5*o - 1. Let k(t) = -7*t**2 + 9*t + 1. Let w(r) = d*k(r) + 5*p(r). What is w(3)?
-5
Suppose 0 = -h - 4, 3*r + 12 = -5*h - 32. Let u(f) = f**3 + 9*f**2 + 10*f + 10. Determine u(r).
-6
Let t(n) = -n**2 - 5*n + 65. Let x be t(6). Let r(z) = -5*z - 1. Determine r(x).
4
Let u(l) be the second derivative of l**7/2520 - l**6/720 - l**5/30 - l**4 - 20*l. Let p(h) be the third derivative of u(h). Give p(3).
2
Let t(u) = 15 - 28 + 0*u + 17 - u + u**3 - 3*u**2. What is t(3)?
1
Let w(q) be the second derivative of -7*q + 1/20*q**5 + 1/6*q**4 - 1/2*q**2 - 1/2*q**3 + 0. What is w(-3)?
-1
Suppose 2*g + t + 2*t + 21 = 0, -5*g + 3*t = 21. Let p(l) be the first derivative of l**3/3 + 7*l**2/2 + 7*l - 15. What is p(g)?
1
Suppose 0 = -u - 4*u + 5. Let f(b) = -b - 4. Let l be f(-6). Let c(q) = -2 + 1 - 3*q**l + q + 0. What is c(u)?
-3
Let v(y) = -2*y - 4. Suppose 46 = -4*k + 110. Suppose 14 = -6*w - k. Calculate v(w).
6
Let m be 7 - (5 + 3/(-3)). Let u(v) = -v**2 + 3*v - 3. What is u(m)?
-3
Let v(m) = 11*m**3 + 1 + 27*m**3 - 50*m**3 - 2*m + 3*m**2 + 9*m**3 - m**2. Let p be (-2 - -1)*(0 + -1). Determine v(p).
-2
Let u(s) = -s + 36. Let p be u(37). Let m(y) = 14*y**2 + y. What is m(p)?
13
Let f = 10 + -10. Suppose f*q = -q + 6. Let z(l) = -l**2 + 7*l - 5. Let r be z(q). Let x(g) = -g - 1. Give x(r).
-2
Let h(m) = -12*m**2 + 12*m**2 + 2*m**3 + 9*m - 243 + 239 - 3*m**3. What is h(3)?
-4
Let o(f) = f**3 - f**2 + f + 1. Let w(h) = -7*h**3 + 9*h**2 - 6*h - 5. Let k(d) = 6*o(d) + w(d). What is k(3)?
1
Let u = 22 + -7. Let i be ((-1)/3)/((-1)/u). Suppose -q - 11 = 3*j, -5*j + i + 10 = -5*q. Let z(h) = -3*h**2 - 3*h - 3. Calculate z(j).
-9
Suppose 0 = 4*r - 597 + 629. Let j(l) = -l - 3. What is j(r)?
5
Suppose 0 = 5*r - c + 50 + 15, r + 2*c + 2 = 0. Let s(v) = v - 4. Calculate s(r).
-16
Let t(s) = -s**3 + 3*s**2 + 3*s + 3. Let w = 12 - 9. Let p be w/(27/6 + -3). Suppose -4*u - p = -18. Calculate t(u).
-1
Let i(r) = 455 - 912 + 461 - 9*r. Calculate i(4).
-32
Let f(n) = n + 1. Suppose 8*r - 9*r = 8. Let o(g) = g + 8. Let d be o(r). Determine f(d).
1
Let h(x) = -17*x**2 - 2*x - 1. Let v be (4 + -10)/24 - (-3)/(-4). Give h(v).
-16
Let f be 1/1*-1*-6. Let s(n) be the third derivative of n**5/60 - n**4/3 + 3*n**3/2 - 5*n**2 + 184. Calculate s(f).
-3
Let x(p) = 10*p**3 - p**2. Suppose 0 = -5*w + 8*w + 42. Let b = w + 15. Determine x(b).
9
Let u be (-30)/(-5) + (1 - 2). Let d = -10 - -12. Let w(r) = r**3 - 4*r - u*r**2 + 2*r**2 + 8 - 2 + 0*r**d. Determine w(4).
6
Let b(d) = -d**3 - 3*d**2 + 6*d + 5. Let k = 92 + -169. Let a = k + 72. What is b(a)?
25
Let k(x) = x + 12. Suppose 278 = 5*u + c, 6*u + c = 2*u + 222. Suppose 0 = w + 3*w - u. Suppose -7*q - 5*o + 10 = -5*q, -2*q + o - w = 0. Give k(q).
7
Let d = -6 + 12. Let u(p) = p**2 - 11*p + 11. Let m be u(10). Let g(q) = -m + d*q - q + 2. Calculate g(2).
11
Let r(s) = 48 + 45 + s + 44 - 143 + 0*s. Give r(17).
11
Let k(m) = -m**2 + 8*m - 5. Let w(x) = 6*x - 139. Let l be w(24). What is k(l)?
10
Let y(i) = 6*i + 1. Let n(u) = -u + 29. Let t be n(25). Suppose -27 = v - 4*q + 9*q, -t*v - 4*q - 28 = 0. What is y(v)?
-11
Suppose 4*g - 4*m = 16, -2*g - 3*m = 9 + 8. Let i(q) = -4*q**2 - 3*q - 2. Let k be i(g). Let r = 0 + k. Let u(h) = h - 1. Calculate u(r).
-4
Let d(l) be the third derivative of -l**4/24 - l**3/3 + l**2. Let a(j) = j**3 - 4*j**2 - 87*j + 346. Let z be a(4). What is d(z)?
0
Let o(w) = w - 11. Let f = -16 - -27. Let l be o(f). Suppose -a - 3*z = 1, -a + l = 4*z + 2. Let v(k) = 2*k**3 - 2*k**2 - 2. Calculate v(a).
6
Let q(v) be the third derivative of v**4/24 + 4*v**3/3 - 9*v**2. Calculate q(-8).
0
Let m(j) = 13*j - 5*j - 9*j + 9. Let i = 2 - 0. Let c be (-4)/i + -4 + 6. Calculate m(c).
9
Suppose -4 = -5*d + 3*d. Let n(j) = -j - 2 + j - j - 21*j**d + 19*j**2. What is n(-3)?
-17
Suppose -6*t + 25 = -t. Let y(a) = 7*a**2 - 563*a**3 + 285*a**3 + 277*a**3 - 2*a**2 - a - 3. What is y(t)?
-8
Let u = -57 - -40. Let t = -20 - u. Let f(g) = g**3 + 2*g**2 - 2*g - 1. What is f(t)?
-4
Let z(f) = -6*f**2 - 2*f - 16. Let q(p) = -5*p**2 - 3*p - 15. Let y(u) = -7*q(u) + 6*z(u). Suppose -38 = -4*s + 13*h - 14*h, -5*s + 37 = -4*h. Calculate y(s).
9
Let u = -5 + 2. Let q(s) be the second derivative of 0 + 3/2*s**2 + 9*s - 2/3*s**3. What is q(u)?
